remainder when 288 is divided by 20?
8
What is the remainder when 68 is divided by 31?
6
Calculate the remainder when 218 is divided by 17.
14
What is the remainder when 325 is divided by 47?
43
Calculate the remainder when 30 is divided by 11.
8
What is the remainder when 155 is divided by 89?
66
What is the remainder when 56 is divided by 14?
0
What is the remainder when 31 is divided by 1?
0
What is the remainder when 134 is divided by 34?
32
What is the remainder when 193 is divided by 33?
28
What is the remainder when 141 is divided by 9?
6
Calculate the remainder when 1358 is divided by 18.
8
Calculate the remainder when 31 is divided by 5.
1
Calculate the remainder when 71 is divided by 10.
1
Calculate the remainder when 49529 is divided by 19.
15
Calculate the remainder when 163 is divided by 50.
13
What is the remainder when 952 is divided by 87?
82
Calculate the remainder when 681 is divided by 153.
69
What is the remainder when 1581 is divided by 36?
33
What is the remainder when 804 is divided by 57?
6
What is the remainder when 1201 is divided by 172?
169
Calculate the remainder when 388 is divided by 73.
23
What is the remainder when 217 is divided by 11?
8
Calculate the remainder when 562 is divided by 93.
4
What is the remainder when 578 is divided by 24?
2
Calculate the remainder when 32 is divided by 13.
6
What is the remainder when 2683 is divided by 128?
123
What is the remainder when 2094 is divided by 84?
78
Calculate the remainder when 936 is divided by 136.
120
What is the remainder when 1346 is divided by 135?
131
What is the remainder when 195 is divided by 10?
5
What is the remainder when 1181 is divided by 390?
11
What is the remainder when 988 is divided by 975?
13
Calculate the remainder when 81 is divided by 38.
5
Calculate the remainder when 25 is divided by 14.
11
Calculate the remainder when 76 is divided by 28.
20
What is the remainder when 134 is divided by 55?
24
Calculate the remainder when 474 is divided by 3.
0
What is the remainder when 434 is divided by 107?
6
Calculate the remainder when 476 is divided by 5.
1
Calculate the remainder when 235 is divided by 7.
4
Calculate the remainder when 1575 is divided by 3.
0
Calculate the remainder when 2422 is divided by 1211.
0
What is the remainder when 353 is divided by 31?
12
What is the remainder when 187 is divided by 92?
3
What is the remainder when 24 is divided by 20?
4
What is the remainder when 1244 is divided by 49?
19
What is the remainder when 6876 is divided by 3?
0
Calculate the remainder when 57 is divided by 4.
1
Calculate the remainder when 289 is divided by 14.
9
What is the remainder when 99 is divided by 51?
48
What is the remainder when 16136 is divided by 163?
162
What is the remainder when 76 is divided by 6?
4
Calculate the remainder when 269 is divided by 9.
8
What is the remainder when 282 is divided by 18?
12
Calculate the remainder when 252 is divided by 39.
18
What is the remainder when 182 is divided by 46?
44
What is the remainder when 6641 is divided by 27?
26
Calculate the remainder when 117 is divided by 17.
15
Calculate the remainder when 667 is divided by 251.
165
Calculate the remainder when 206 is divided by 19.
16
Calculate the remainder when 133 is divided by 12.
1
Calculate the remainder when 404 is divided by 41.
35
Calculate the remainder when 81 is divided by 42.
39
Calculate the remainder when 310 is divided by 146.
18
Calculate the remainder when 253 is divided by 11.
0
Calculate the remainder when 165 is divided by 26.
9
What is the remainder when 103 is divided by 9?
4
What is the remainder when 587 is divided by 119?
111
What is the remainder when 838 is divided by 14?
12
Calculate the remainder when 1959 is divided by 49.
48
What is the remainder when 449 is divided by 12?
5
What is the remainder when 3165 is divided by 44?
41
What is the remainder when 176 is divided by 11?
0
Calculate the remainder when 568 is divided by 33.
7
Calculate the remainder when 4303 is divided by 51.
19
Calculate the remainder when 24 is divided by 7.
3
Calculate the remainder when 1922 is divided by 74.
72
Calculate the remainder when 106 is divided by 88.
18
Calculate the remainder when 286 is divided by 7.
6
What is the remainder when 7658 is divided by 111?
110
What is the remainder when 26 is divided by 9?
8
What is the remainder when 255 is divided by 1?
0
Calculate the remainder when 127 is divided by 54.
19
What is the remainder when 299 is divided by 75?
74
What is the remainder when 2096 is divided by 57?
44
What is the remainder when 59 is divided by 36?
23
Calculate the remainder when 106 is divided by 37.
32
Calculate the remainder when 424 is divided by 9.
1
Calculate the remainder when 6662 is divided by 155.
152
Calculate the remainder when 327 is divided by 159.
9
What is the remainder when 40 is divided by 15?
10
Calculate the remainder when 41 is divided by 27.
14
What is the remainder when 436 is divided by 48?
4
What is the remainder when 433 is divided by 149?
135
What is the remainder when 76 is divided by 21?
13
What is the remainder when 61 is divided by 8?
5
What is the remainder when 607 is divided by 88?
79
Calculate the remainder when 484 is divided by 223.
38
Calculate the remainder when 811 is divided by 48.
43
What is the remainder when 9984 is divided by 4992?
0
Calculate the remainder when 1217 is divided by 35.
27
What is the remainder when 63 is divided by 20?
3
What is the remainder when 73 is divided by 8?
1
What is the remainder when 8389 is divided by 210?
199
Calculate the remainder when 184 is divided by 49.
37
What is the remainder when 75 is divided by 59?
16
Calculate the remainder when 2716 is divided by 1354.
8
What is the remainder when 3410 is divided by 286?
264
Calculate the remainder when 5742 is divided by 15.
12
What is the remainder when 343 is divided by 98?
49
What is the remainder when 5697 is divided by 7?
6
What is the remainder when 3567 is divided by 3?
0
What is the remainder when 1090 is divided by 28?
26
What is the remainder when 837 is divided by 21?
18
Calculate the remainder when 147 is divided by 62.
23
Calculate the remainder when 344 is divided by 68.
4
What is the remainder when 1651 is divided by 59?
58
Calculate the remainder when 2901 is divided by 33.
30
Calculate the remainder when 78 is divided by 5.
3
Calculate the remainder when 5567 is divided by 58.
57
What is the remainder when 53 is divided by 32?
21
What is the remainder when 431 is divided by 25?
6
Calculate the remainder when 9764 is divided by 132.
128
Calculate the remainder when 176 is divided by 152.
24
What is the remainder when 1349 is divided by 83?
21
Calculate the remainder when 290 is divided by 61.
46
What is the remainder when 155 is divided by 59?
37
Calculate the remainder when 6584 is divided by 61.
57
What is the remainder when 4019 is divided by 20?
19
Calculate the remainder when 440 is divided by 439.
1
What is the remainder when 272 is divided by 98?
76
Calculate the remainder when 318 is divided by 26.
6
What is the remainder when 13606 is divided by 162?
160
What is the remainder when 367 is divided by 133?
101
What is the remainder when 9009 is divided by 196?
189
What is the remainder when 1502 is divided by 26?
20
Calculate the remainder when 242 is divided by 41.
37
What is the remainder when 231 is divided by 71?
18
Calculate the remainder when 268 is divided by 69.
61
What is the remainder when 495 is divided by 177?
141
Calculate the remainder when 234 is divided by 15.
9
What is the remainder when 34 is divided by 6?
4
What is the remainder when 2911 is divided by 14?
13
Calculate the remainder when 94 is divided by 48.
46
What is the remainder when 12914 is divided by 497?
489
Calculate the remainder when 8798 is divided by 40.
38
Calculate the remainder when 224 is divided by 29.
21
Calculate the remainder when 248 is divided by 130.
118
Calculate the remainder when 6611 is divided by 4.
3
Calculate the remainder when 5627 is divided by 6.
5
What is the remainder when 244 is divided by 13?
10
What is the remainder when 60 is divided by 7?
4
Calculate the remainder when 462 is divided by 90.
12
What is the remainder when 1543 is divided by 104?
87
Calculate th